12*w + 12. Let b(t) = -3*t**3 + 2*t**2 - 11*t - 11. Let j(z) = 5*b(z) + 4*d(z). Calculate j(-7).
-7
Let a(p) = p**2 - 7*p + 2. Let r be a(7). Let q(g) = 3*g - 3*g - r - 2 - g**3 - 2*g**2. What is q(-3)?
5
Let p(z) = -z**2 - 10*z + 9. Let f be p(-12). Let v = -20 - f. Let i(m) = m**3 + 6*m**2 + 3*m - 2. Calculate i(v).
8
Let c(y) = -y - 6. Let u(r) = 2*r + 13. Let z(p) = -13*c(p) - 6*u(p). Let i = 21 + -19. Let q = i - 5. Calculate z(q).
-3
Let j(l) be the third derivative of l**5/60 - 7*l**4/24 - l**2 + 4. Determine j(8).
8
Let s be (2/(-3))/(4/18). Let b(o) = 3*o**3 + 2*o**2 - 4*o - 16. Let w(l) = l**3 + l**2 - l - 5. Let c(u) = -2*b(u) + 7*w(u). What is c(s)?
-6
Let w(q) = -q**2 - q + 1. Let m(t) = 1. Let r(l) = -2*m(l) + w(l). Calculate r(-3).
-7
Let c(a) = -a**3 + 4*a**2 + 2. Let u = 29 + -26. Give c(u).
11
Let q(l) = 2*l**2 + l. Let g be q(1). Let i(t) = -2 + t**2 + 11*t + g - 16*t. What is i(4)?
-3
Let s(y) = -3*y**2 - y - 1. Let b(z) = -z**2 - 1. Let p(n) = 2*b(n) - s(n). Suppose -h + 0*h + 15 = 0. Suppose 4*x + h = -x. What is p(x)?
5
Let h(n) be the second derivative of n**4/12 - 7*n**3/6 + n**2 + 2*n. Suppose -y = -2*f + 9, 0*y - 5*y + 25 = 4*f. Determine h(f).
-8
Let g(k) = -k - 10. Let a be g(-11). Let f(z) = -9*z. Give f(a).
-9
Let i = -5 + 7. Let c(r) = 0*r + i*r + 4 + r. What is c(-3)?
-5
Let w(o) be the first derivative of 2*o**3/3 + 2. What is w(2)?
8
Let c(w) = w**3 + 3*w**2 + 3*w - 1. Let d be ((-2)/(-6))/(2/36*-2). Determine c(d).
-10
Let m be (9 + -18)/(3/(-2)). Let q(k) = k**3 - 6*k**2 - 3*k + 9. What is q(m)?
-9
Let s(y) = -8*y + 1. Let d = -7 + 14. Suppose 3*w = 9, d - 3 = n + w. Give s(n).
-7
Let v(a) = -a**3 - a**2 + 2*a - 1. Let w(m) = -m**2 - 6*m + 1. Let d be w(-6). Suppose 4*r = -4*t + 12, 4*t - 4 = 5*r - d. Give v(r).
-1
Let f(i) = 17*i + 3*i**2 + i**3 - 18*i + 1 - 4*i**2. Let w(k) = k**3 - 6*k**2 + 4*k. Let j(c) = -2*f(c) + w(c). Let u = 1 + -6. What is j(u)?
-7
Let s(y) = -2*y**3 - 2*y**2 + 2*y + 1. Let l be 4 + 7/((-7)/4). Suppose 0*t - 8 = -t + 5*d, -t - 5*d - 12 = l. Calculate s(t).
5
Let s be (-3 - 2/(-1))*1. Let n(m) = -m + 1. Let b(d) = -4*d + 3. Let t(c) = s*b(c) + 3*n(c). Determine t(-5).
-5
Let o = 17 - 13. Let u(f) = o*f - f - 9*f**3 - 2*f. Let g be (2 + (-10)/4)*-2. Give u(g).
-8
Suppose 1 = -3*w - 14. Let h = 0 - w. Let d(a) = a - 7. Determine d(h).
-2
Let q(t) be the second derivative of 7*t + 2*t**2 - 1/12*t**4 + 1/3*t**3 + 0. What is q(5)?
-11
Let y(r) be the third derivative of r**5/60 + r**4/24 - r**2. Suppose l + 2*l = 5*w + 103, -5*w - 101 = -l. Let q be 4/(-22) + w/11. Calculate y(q).
2
Let i(s) = -7*s - 10. Let b(t) = -16 + 0 - 4 - 1 - 15*t. Let n(g) = -6*b(g) + 13*i(g). Calculate n(4).
-8
Let j(c) be the first derivative of -c**4/4 + 4*c**3/3 + c**2 - 2*c + 2. Let h(l) = l**2 + 5*l - 10. Let m be h(-7). Determine j(m).
6
Let l(d) = -d + 4. Let y be (-2)/4 + (-5)/2. Let p(q) = q + 3. Let g be p(-4). Let b be (y + 2 - 4)*g. Calculate l(b).
-1
Let y be -4*(-2 + 0)/4. Let f(n) = 4 - n**2 + y*n - 2 + n**3 - n + 2. Let w = -2 + 2. Determine f(w).
4
Let o(t) = -2*t**2 - 17*t + 6. Let g = -1 - -8. Let f(y) = -y**2 - 8*y + 3. Let z(i) = g*f(i) - 3*o(i). Give z(-5).
3
Let j(t) = -t**3 - 10*t**2 + 12*t + 16. Let w be j(-11). Let m = 4 + -3. Let z(n) = 4*n**2 - m - 10*n**2 + 5*n + 4*n**3 - 3*n**3. What is z(w)?
-1
Let q = 4 + -1. Let y(o) = -5*o**3 + 20*o**2 - 5*o + 2. Let w(i) = -14*i**3 + 56*i**2 - 14*i + 6. Let x(p) = 6*w(p) - 17*y(p). Calculate x(q).
-4
Let b be 1*(-1 - -2)*-1. Let f(n) be the second derivative of -2*n - 1/2*n**2 + 5/6*n**3 + 0. Give f(b).
-6
Let q(n) = -n**3 + 5*n**2 + n - 1. Let g be q(5). Suppose 8 = g*k - 0*k. Let m(d) = -d**3 + d**2 - d. Determine m(k).
-6
Let z(n) be the third derivative of n**4/24 - 2*n**3/3 - 2*n**2. Let o(a) = a + 6. Let u be o(-4). Let i be (-8)/(-1)*u/4. What is z(i)?
0
Suppose -3 + 15 = -4*o. Let q(f) = 9*f**3 + 2*f**2 - 3. Let y(z) = -z**2 + 1. Let v(w) = o*y(w) - q(w). What is v(1)?
-8
Let f = 5 - 9. Let h(u) = -7*u**2 - 15*u - 12. Let g(l) = -4*l**2 - 8*l - 6. Let v(z) = -5*g(z) + 3*h(z). What is v(f)?
-2
Let j(y) = -y + 3. Suppose 0 = 3*h + d - 17, -h + 2*h - 5*d = -21. Suppose h*k + 4 = 16. Suppose k*g - g = 0. Give j(g).
3
Let g(n) = 2*n + 13. Let y(p) = -3*p - 3. Let l be y(2). What is g(l)?
-5
Let b = -3 - -1. Suppose 2*j - 3 = -2*z + 7, 0 = -5*j - 4*z + 22. Let i(u) = 3*u**j + 1 + 17*u + 0 - 14*u. Give i(b).
7
Let p be 0 + (-21 + 18)/(6/(-4)). Let d(v) be the third derivative of 0*v - 1/30*v**5 - 1/12*v**4 - 1/3*v**3 + 2*v**p + 0. Determine d(-2).
-6
Let i(t) = t**2 + 6*t + 6. Let q be i(-5). Let v = 1 + q. Let o(m) = -3*m + m + v - 3. What is o(-1)?
1
Let f(q) = 2*q - 1. Let s(k) = 9*k - 11. Let j(c) = -5*f(c) + s(c). Determine j(-9).
3
Suppose n - 2*j = -4*j + 13, 5*n - 13 = 3*j. Suppose n*m = -0*m - 25. Let o(g) = 4*g + 2. Let p(r) = 5*r + 2. Let h(d) = -6*o(d) + 5*p(d). Give h(m).
-7
Let z be ((-3 - -2) + 1)/(-2). Let y = 2 + z. Let l = -2 + y. Let v(q) = -q + 5. Calculate v(l).
5
Suppose 0 = -3*t - 2*t. Let z(p) = t - 5*p - 1 + 3. Calculate z(-2).
12
Let n(p) = p**3 - 4*p**2 + 5*p + 3. Let t(a) be the third derivative of a**4/24 - 4*a**2. Let f(c) = -n(c) + 6*t(c). Determine f(4).
1
Let v(t) = 4*t**3 + t**2 - 2*t + 1. Let h be (-14)/(-10) - (-16)/(-40). Let z be v(h). Let g(u) = u**2 - 4*u + 1. Give g(z).
1
Let h = 4/19 + 26/57. Let g(x) be the second derivative of x**2 + 3*x + 0 + 1/3*x**4 + h*x**3 + 1/20*x**5. Calculate g(-2).
2
Let y(h) = h**3 + h**2 + h + 3. Let b be y(0). Let n = b + -6. Let m(i) be the third derivative of -i**4/12 - i**3/2 + 3*i**2. Give m(n).
3
Let w(q) be the third derivative of -q**6/120 - q**5/10 - q**4/8 + q**3/3 - 4*q**2. Determine w(-5).
-8
Let x be -6 + 3 + 1 - -4. Let v(f) = 2 + x - 3 + 2*f**2 + 2*f. What is v(-1)?
1
Let i(z) = -z**3 + 5*z**2 + 2*z - 2. Let g(f) = -11*f. Let p(c) = -c. Let l(k) = g(k) - 6*p(k). Let s be 12/30 + 14/(-10). Let n be l(s). What is i(n)?
8
Let z(y) be the second derivative of -y**3/3 + 7*y**2/2 + 11*y. Determine z(6).
-5
Let l be 210/27 - 6/(-27). Let w(y) = 6 + y**2 - 2*y + 2*y + l*y - 3*y. Give w(-4).
2
Suppose -t - 35 = 6*t. Let x(j) = -j**3 - 4*j**2 + 5*j - 5. Determine x(t).
-5
Let f = -51 - -73. Suppose 3*c = 1 + 5, -f = -4*b - 3*c. Suppose -a + 3*a - b = 0. Let l(d) = -2*d**2 - 2*d + 3. Give l(a).
-9
Let p(i) = -2 + i**2 - 3 - 5*i + 6 + 0. Determine p(3).
-5
Let y(q) = -2*q + 1. Suppose o = 3*h - 8*h - 27, -4*h - 51 = 5*o. Let n(u) = u**2 + 8*u + 8. Let v be n(o). What is y(v)?
-1
Let f(t) = 3*t + 4. Let d(l) = 4*l + 4. Let c(n) = -4*d(n) + 5*f(n). What is c(4)?
0
Let c(x) = x**3 - 5*x**2 + 4*x + 2. Let l be c(4). Let d(j) = j**2 - 5*j + 6. Let k be d(4). Let s(y) = -1 - y + y**k + 0*y + y**l. What is s(2)?
5
Let r(p) = -p + 2. Let b be r(0). Let m be 10 + -1 + b/(-1). Let a(n) = -4 - m*n + n**2 - n**2 + 11 + n**2. What is a(5)?
-3
Let o(w) = 5 + 11 - 86*w + 85*w. Give o(11).
5
Suppose -2*x + 3*x = -2. Let s be (-2 + 0 - x) + -2. Let p(m) = -m - 3. Let i(t) = 2*t - 9. Let d(r) = -i(r) + 3*p(r). What is d(s)?
10
Suppose 0 = 2*n - 22 + 16. Let m(y) be the first derivative of y**2/2 - 4*y - 3. Give m(n).
-1
Let n(j) = -j**3 - 2*j**2 + 1. Suppose -m = -y - 2 - 2, -5*m + 3*y = -14. Determine n(m).
-2
Let q(w) = 0 - 4*w + 3 + 9*w + 0. Determine q(-2).
-7
Suppose 0 = -4*s + 12, 5*n - 4*s = -s + 16. Let w be (-21)/(-6)*12/21. Let i(y) = 3*y**w + 0*y - y**3 - 4 - 3*y + n*y. Give i(3).
2
Let w(d) = -d**2 + 8*d - 1. Suppose -q + 4*q - j - 17 = 0, -8 = -2*j. What is w(q)?
6
Let a(w) be the third derivative of -w**5/60 + w**4/4 + 2*w**3/3 - 23*w**2. Determine a(7).
-3
Let b be (5*-1)/(1/2). Let u be (-5)/b - (-1)/(-2). Let r(m) = 3*m**2 + 0 + 0*m**2 + u + m**3. Determine r(-3).
0
Let a(u) = -u**2 + 5*u + 8. Let y be a(7). Let w(j) be the third derivative of 2*j**2 + 1/60*j**5 + 0 + 1/4*j**4 + 0*j + j**3. Calculate w(y).
6
Let i be 8/20 + 12/20. Let o(y) be the first derivative of 5*y**2/2 - y - 1. Give o(i).
4
Suppose 3*h + 10 = -2*h. Let r(i) = -i**2 - 8*i - 5. Let p(y) = 5*y**2 + 41*y + 24. Let t(k) = h*p(k) - 11*r(k). What is t(-5)?
2
Suppose -2*m = 2*m. Let j(t) = -t**3 - 2*t**2 + 2*t - 1. Let l be j(-3). Let o(z) = 1 + m*z**3 - z**l - z**3 - z**3. Determine o(1).
-2
Let k(s)